{"id":306,"date":"2020-04-16T23:27:35","date_gmt":"2020-04-16T21:27:35","guid":{"rendered":"https:\/\/primar.ch\/?page_id=306"},"modified":"2020-04-26T22:16:25","modified_gmt":"2020-04-26T20:16:25","slug":"vorgehen","status":"publish","type":"page","link":"https:\/\/primar.ch\/?page_id=306","title":{"rendered":"Vorgehen"},"content":{"rendered":"\n<figure class=\"wp-block-image alignwide size-full\"><img loading=\"lazy\" decoding=\"async\" width=\"1920\" height=\"313\" src=\"https:\/\/primar.ch\/wp-content\/uploads\/2020\/04\/primar-ch-18wid.png\" alt=\"\" class=\"wp-image-312\" srcset=\"https:\/\/primar.ch\/wp-content\/uploads\/2020\/04\/primar-ch-18wid.png 1920w, https:\/\/primar.ch\/wp-content\/uploads\/2020\/04\/primar-ch-18wid-300x49.png 300w, https:\/\/primar.ch\/wp-content\/uploads\/2020\/04\/primar-ch-18wid-1024x167.png 1024w, https:\/\/primar.ch\/wp-content\/uploads\/2020\/04\/primar-ch-18wid-768x125.png 768w, https:\/\/primar.ch\/wp-content\/uploads\/2020\/04\/primar-ch-18wid-1536x250.png 1536w\" sizes=\"auto, (max-width: 1920px) 100vw, 1920px\" \/><\/figure>\n\n\n\n<h4 class=\"wp-block-heading\">F\u00fcr Lehrpersonen \/ EDV \/ Schulleiter<\/h4>\n\n\n\n<p class=\"has-text-color has-background has-vivid-red-color has-very-light-gray-background-color\"><strong>1. Schritt<\/strong><\/p>\n\n\n\n<p><strong>Registrieren Sie sich auf schule.primar.ch <\/strong><\/p>\n\n\n\n<p>Gehen Sie zur Plattform <a href=\"https:\/\/schule.primar.ch\" target=\"_blank\" aria-label=\" (opens in a new tab)\" rel=\"noreferrer noopener\" class=\"aioseop-link\">Loginseite <\/a>und registrieren Sie sich mit vorname.nachname und Ihrer E-mail Adresse.<\/p>\n\n\n\n<p class=\"has-text-color has-background has-vivid-red-color has-very-light-gray-background-color\"><strong>2. Schritt<\/strong><\/p>\n\n\n\n<p><strong>F\u00fcllen Sie das Anmeldeformular aus.<\/strong><\/p>\n\n\n\n<p>F\u00fcllen Sie nun das  <strong><a href=\"https:\/\/primar.ch\/?page_id=85\" class=\"aioseop-link\">Anmeldeformular<\/a><\/strong> f\u00fcr Ihre Schule oder Ihren Schulverband aus. Sie als Antragsteller werden zum Manager Ihres Schulbereichs und k\u00f6nnen Kurse (Klassen) erstellen, andere Lehrpersonen derselben Schulinstitution nach deren Registrierung den erstellten Klassen zuordnen und Sch\u00fclerinnen und Sch\u00fcler per CSV Liste hochladen. <\/p>\n\n\n\n<p class=\"has-text-color has-background has-vivid-red-color has-very-light-gray-background-color\"><strong>3. Schritt<\/strong><\/p>\n\n\n\n<p>Innerhalb k\u00fcrzester Zeit werden wir Ihre Daten mit dem Schulverzeichnis bereitstellen, so dass Sie mit dem Einrichten Ihrer Schulinstitution beginnen k\u00f6nnen. <\/p>\n\n\n\n<p>Sie bekommen folgende Rechte:<\/p>\n\n\n\n<ul class=\"wp-block-list\"><li>Sie k\u00f6nnen Klassen erstellen<\/li><li>Weitere Lehrpersonen k\u00f6nnen sich nun selber registrieren (<a href=\"https:\/\/schule.primar.ch\/\">Schritt 1<\/a>) und diese k\u00f6nnen Sie Ihrer Schule hinzuf\u00fcgen <\/li><li>Lehrpersonen den Klassen zuordnen  <\/li><li>Lernenden per CSV Liste hochladen<\/li><li>Lernende den Klassen zuordnen  <\/li><\/ul>\n\n\n\n<p><\/p>\n\n\n\n<h4 class=\"wp-block-heading\">F\u00fcr Sch\u00fclerinnen und Sch\u00fcler<\/h4>\n\n\n\n<p style=\"color:#000000\" class=\"has-text-color has-background has-luminous-vivid-orange-background-color\"><em>Da es sich bei den meisten Lernenden auf primar.ch um unter 16-J\u00e4hrige handelt, muss eine erziehungsberechtigte Person nach Schweizer Gesetz die Zustimmung geben. <\/em><\/p>\n\n\n\n<p style=\"color:#000000\" class=\"has-text-color has-background has-light-green-cyan-background-color\">Die Lehrperson muss somit zuerst die Einwilligung der Eltern bzw. einer erziehungsberechtigten Person einholen. <br><em>Als Hilfe bietet sich das folgende vorbereitete <a aria-label=\"Formular (opens in a new tab)\" href=\"https:\/\/primar.ch\/Einwilligung-Elt-SuS-primar-ch.pdf\" target=\"_blank\" rel=\"noreferrer noopener\" class=\"aioseop-link\"><strong>Formular<\/strong><\/a> an. <\/em>Anschliessend k\u00f6nnen die SuS durch die zust\u00e4ndige Lehrperson aufgenommen werden.<\/p>\n\n\n\n<p><\/p>\n","protected":false},"excerpt":{"rendered":"<p>F\u00fcr Lehrpersonen \/ EDV \/ Schulleiter 1. Schritt Registrieren Sie sich auf schule.primar.ch Gehen Sie zur Plattform Loginseite und registrieren Sie sich mit vorname.nachname und Ihrer E-mail Adresse. 2. Schritt F\u00fcllen Sie das Anmeldeformular aus. F\u00fcllen Sie nun das Anmeldeformular f\u00fcr Ihre Schule oder Ihren Schulverband aus. Sie als Antragsteller werden zum Manager Ihres Schulbereichs<\/p>\n<a href=\"https:\/\/primar.ch\/?page_id=306\" class=\"btn frontech-btn\"><span><\/span>Read More<\/a>","protected":false},"author":2,"featured_media":0,"parent":0,"menu_order":0,"comment_status":"closed","ping_status":"closed","template":"page-fullwidth.php","meta":{"_monsterinsights_skip_tracking":false,"_monsterinsights_sitenote_active":false,"_monsterinsights_sitenote_note":"","_monsterinsights_sitenote_category":0,"footnotes":""},"class_list":["post-306","page","type-page","status-publish","hentry"],"aioseo_notices":[],"jetpack_sharing_enabled":true,"_links":{"self":[{"href":"https:\/\/primar.ch\/index.php?rest_route=\/wp\/v2\/pages\/306","targetHints":{"allow":["GET"]}}],"collection":[{"href":"https:\/\/primar.ch\/index.php?rest_route=\/wp\/v2\/pages"}],"about":[{"href":"https:\/\/primar.ch\/index.php?rest_route=\/wp\/v2\/types\/page"}],"author":[{"embeddable":true,"href":"https:\/\/primar.ch\/index.php?rest_route=\/wp\/v2\/users\/2"}],"replies":[{"embeddable":true,"href":"https:\/\/primar.ch\/index.php?rest_route=%2Fwp%2Fv2%2Fcomments&post=306"}],"version-history":[{"count":31,"href":"https:\/\/primar.ch\/index.php?rest_route=\/wp\/v2\/pages\/306\/revisions"}],"predecessor-version":[{"id":353,"href":"https:\/\/primar.ch\/index.php?rest_route=\/wp\/v2\/pages\/306\/revisions\/353"}],"wp:attachment":[{"href":"https:\/\/primar.ch\/index.php?rest_route=%2Fwp%2Fv2%2Fmedia&parent=306"}],"curies":[{"name":"wp","href":"https:\/\/api.w.org\/{rel}","templated":true}]}}

<figure class="wp-block-image alignwide size-full"><img loading="lazy" decoding="async" width="1920" height="313" src="https://primar.ch/wp-content/uploads/2020/04/primar-ch-18wid.png" alt="" class="wp-image-312" srcset="https://primar.ch/wp-content/uploads/2020/04/primar-ch-18wid.png 1920w, https://primar.ch/wp-content/uploads/2020/04/primar-ch-18wid-300x49.png 300w, https://primar.ch/wp-content/uploads/2020/04/primar-ch-18wid-1024x167.png 1024w, https://primar.ch/wp-content/uploads/2020/04/primar-ch-18wid-768x125.png 768w, https://primar.ch/wp-content/uploads/2020/04/primar-ch-18wid-1536x250.png 1536w" sizes="auto, (max-width: 1920px) 100vw, 1920px" /></figure>



<h4 class="wp-block-heading">Für Lehrpersonen / EDV / Schulleiter</h4>



<p class="has-text-color has-background has-vivid-red-color has-very-light-gray-background-color"><strong>1. Schritt</strong></p>



<p><strong>Registrieren Sie sich auf schule.primar.ch </strong></p>



<p>Gehen Sie zur Plattform <a href="https://schule.primar.ch" target="_blank" aria-label=" (opens in a new tab)" rel="noreferrer noopener" class="aioseop-link">Loginseite </a>und registrieren Sie sich mit vorname.nachname und Ihrer E-mail Adresse.</p>



<p class="has-text-color has-background has-vivid-red-color has-very-light-gray-background-color"><strong>2. Schritt</strong></p>



<p><strong>Füllen Sie das Anmeldeformular aus.</strong></p>



<p>Füllen Sie nun das  <strong><a href="https://primar.ch/?page_id=85" class="aioseop-link">Anmeldeformular</a></strong> für Ihre Schule oder Ihren Schulverband aus. Sie als Antragsteller werden zum Manager Ihres Schulbereichs und können Kurse (Klassen) erstellen, andere Lehrpersonen derselben Schulinstitution nach deren Registrierung den erstellten Klassen zuordnen und Schülerinnen und Schüler per CSV Liste hochladen. </p>



<p class="has-text-color has-background has-vivid-red-color has-very-light-gray-background-color"><strong>3. Schritt</strong></p>



<p>Innerhalb kürzester Zeit werden wir Ihre Daten mit dem Schulverzeichnis bereitstellen, so dass Sie mit dem Einrichten Ihrer Schulinstitution beginnen können. </p>



<p>Sie bekommen folgende Rechte:</p>



<ul class="wp-block-list"><li>Sie können Klassen erstellen</li><li>Weitere Lehrpersonen können sich nun selber registrieren (<a href="https://schule.primar.ch/">Schritt 1</a>) und diese können Sie Ihrer Schule hinzufügen </li><li>Lehrpersonen den Klassen zuordnen  </li><li>Lernenden per CSV Liste hochladen</li><li>Lernende den Klassen zuordnen  </li></ul>



<p></p>



<h4 class="wp-block-heading">Für Schülerinnen und Schüler</h4>



<p style="color:#000000" class="has-text-color has-background has-luminous-vivid-orange-background-color"><em>Da es sich bei den meisten Lernenden auf primar.ch um unter 16-Jährige handelt, muss eine erziehungsberechtigte Person nach Schweizer Gesetz die Zustimmung geben. </em></p>



<p style="color:#000000" class="has-text-color has-background has-light-green-cyan-background-color">Die Lehrperson muss somit zuerst die Einwilligung der Eltern bzw. einer erziehungsberechtigten Person einholen. <br><em>Als Hilfe bietet sich das folgende vorbereitete <a aria-label="Formular (opens in a new tab)" href="https://primar.ch/Einwilligung-Elt-SuS-primar-ch.pdf" target="_blank" rel="noreferrer noopener" class="aioseop-link"><strong>Formular</strong></a> an. </em>Anschliessend können die SuS durch die zuständige Lehrperson aufgenommen werden.</p>



<p></p>

<p>Für Lehrpersonen / EDV / Schulleiter 1. Schritt Registrieren Sie sich auf schule.primar.ch Gehen Sie zur Plattform Loginseite und registrieren Sie sich mit vorname.nachname und Ihrer E-mail Adresse. 2. Schritt Füllen Sie das Anmeldeformular aus. Füllen Sie nun das Anmeldeformular für Ihre Schule oder Ihren Schulverband aus. Sie als Antragsteller werden zum Manager Ihres Schulbereichs</p>
<a href="https://primar.ch/?page_id=306" class="btn frontech-btn"><span></span>Read More</a>
